e
Suppose 0 = -149*w + 154*w - 18085. Suppose -5*t + 7*t = 4*y + 7210, y - w = -t. Is t composite?
False
Let r(c) = 8*c**3 - 4*c**2 - 3*c + 4. Let g be r(2). Suppose 47*t = g*t + 2413. Is t a composite number?
True
Let a(o) = -3*o**3 + 10*o**2 - 24*o + 17. Let s(r) = 8*r**3 - 30*r**2 + 72*r - 50. Let t(u) = 11*a(u) + 4*s(u). Is t(-16) a composite number?
True
Is -4 + (-4 - (4 - 283343)) a prime number?
False
Suppose 2*a - 6 = 5*a. Let l be ((-2)/(20/1285))/(a/12). Suppose -8*x + 5*x + l = 0. Is x prime?
True
Let x(z) = -10*z + 22. Let w be x(-9). Let g be (-3198)/14 + 48/w. Is ((-2)/3 - g/18) + 3 prime?
False
Let w = 1985239 - 1108356. Is w composite?
True
Let y be 2/(-4)*16 + 158. Is (-30)/y - (-13646)/5 composite?
False
Suppose 385 = -5*d - 1790. Let z be (d*(-3 - (-17)/3))/(-1). Let o = 1725 - z. Is o prime?
False
Suppose -5*i = 13*i + 486. Let w(j) = -j**3 - 22*j**2 + 17*j - 49. Is w(i) a prime number?
True
Is 12/8*5/15*40134 prime?
False
Let i(m) = m**3 - 2*m + 34. Let p be i(0). Let f = p - 31. Suppose 0 = 2*x - f*k - 5372, x + 3*k - 1256 = 1421. Is x a composite number?
False
Suppose -47*l + 136859 = 36044. Let z = 2056 + l. Is z composite?
False
Let o(m) = -2*m - 1. Let u(g) = -152*g - 21. Let c(k) = -2*o(k) - u(k). Is c(3) a prime number?
True
Let j = -9666 - -3990. Let b = -3981 - j. Suppose 0 = 5*u + 5*n - b, 5*n - 1025 = -u - 2*u. Is u a composite number?
True
Suppose 2*n = 3*n + 2548. Suppose -12*j = -9*j - 4*w - 11707, 2*w - 4 = 0. Let l = n + j. Is l composite?
True
Let w = 346 + -335. Is ((-1601545)/(-30))/w - 6/36 a prime number?
False
Let q be 6 + (-552)/90 - 2601124/(-30). Suppose -26*s + q = -10*s. Is s prime?
True
Let n be (3 - 30585/10)*26/1. Let z = n - -136289. Suppose 0 = -4*g - 22842 + z. Is g prime?
True
Let q(z) = -6*z**3 - 86*z**2 + 30*z - 66. Let b(p) = p**3 + 17*p**2 - 6*p + 13. Let v(r) = -11*b(r) - 2*q(r). Is v(16) a composite number?
True
Let j be (-2)/(4/6)*(8 + -3). Is (-13161)/j - (-4)/(-10) a prime number?
True
Suppose -4*l - 5*t = 19919 - 75885, -3*t = 3*l - 41976. Suppose 0 = -22*p + 6092 + l. Is p a composite number?
True
Let s(a) = 676*a**3 + 3*a**2 - a - 1. Let b(w) be the third derivative of w**4/6 + 15*w**3/2 - 2*w**2. Let t be b(-11). Is s(t) a composite number?
False
Suppose -154485 = -11*x + 8*x - 5*y, 5*y = -30. Is x prime?
False
Let y be 327/2*(-6)/(-9). Suppose -81 = q - y. Let l = q - -43. Is l a composite number?
False
Suppose 24 = -4*b, -8*c + 3*b - 83071 = -9*c. Is c composite?
False
Suppose 5*g - 2*i = -11, 5*g - i = -24 + 16. Is 85/10*(g - (-256 + 1)) composite?
True
Suppose 2*c - 13 = -3, 0 = 3*w - 3*c. Suppose 1754 = 2*q + w*m, -2*m = -3*q + q + 1754. Is q a prime number?
True
Let q = 0 - 11. Let k(v) = -55*v + 2. Let y(g) = 184*g - 5. Let z(p) = -19*k(p) - 6*y(p). Is z(q) composite?
False
Let z(o) = o**3 - 3*o**2 - 6*o + 12. Suppose -4*p - 6*p + 40 = 0. Let v be z(p). Suppose -a - 15549 = -5*n, -v*n + a + 12456 = -4*a. Is n composite?
False
Let w(q) = 916*q**2 + q - 2. Let o be w(-2). Let v = -4025 - -4784. Suppose -o + v = -3*x. Is x a prime number?
True
Is 7 - 39*-10985 - (-8)/(-16)*-14 composite?
False
Suppose -2*f - 146 = -4*t, 4*t + 2*f = -0*t + 126. Is ((-51)/t)/((-6)/7388) prime?
True
Let h(g) = 1508*g + 407. Is h(18) composite?
False
Let r(m) = 3*m**3 + 3*m**2 - 4*m - 15. Let n(x) = 4*x**3 + 3*x**2 - 5*x - 15. Let b(z) = -4*n(z) + 5*r(z). Let s = -420 - -412. Is b(s) a prime number?
False
Let v be 2 + 2 + (-16)/4. Suppose -2*w + v*g = g - 203, -4*w - 4*g = -400. Let x = -50 + w. Is x a prime number?
True
Let z(v) = -43*v + 192 - 6*v + 36*v + 115*v + 155*v. Is z(10) a composite number?
True
Suppose 5*r + 29 + 11 = 0. Let c be -21 + (r/(-16))/((-2)/4). Is (-6406)/c - (-2)/(-11) composite?
True
Suppose 3*p + 1135 = -878. Suppose 1301 = x + 313. Let a = x + p. Is a composite?
False
Suppose 7*i = -7*i + 147686. Suppose -38*t = -27*t - i. Is t composite?
True
Let c = -102 + 96. Let f(w) = w**3 + 7*w**2 - 7*w. Let t be f(c). Is 24/6 + -1 + t*23 a prime number?
False
Let u be (-554)/(-14) - 3/(-7). Let s be ((-380)/u)/(1/(-106)). Let b = s + -450. Is b a prime number?
True
Let k = 4 - 2. Let c(s) = -s**3 - 29*s**2 + 57*s - 154. Let j be c(-31). Is 1 - k/j - 138*-4 composite?
True
Suppose -741*t + 735*t + 125358 = 0. Is t a prime number?
False
Let f(q) = 116*q**2 - 141*q - 3051. Is f(-28) a prime number?
True
Suppose -2*s + 4*r = -286090, 2*s + 16*r - 286026 = 12*r. Is s a composite number?
True
Suppose 16*o = 4*o + 1728168. Suppose 7*n - o + 15235 = 0. Is n composite?
False
Let w(l) = 22 - 6*l - 21*l - 5*l + 17*l + 4*l**2. Is w(-25) composite?
False
Suppose 9 = 9*m - 261. Suppose 5 = -g, 4194 = h + 5*g + m. Is h prime?
False
Let t(q) = 2872*q + 4. Let h = 28 + -29. Let j be t(h). Let f = 403 - j. Is f a prime number?
True
Let w(k) = 13*k**2 - 50*k + 137. Is w(48) prime?
True
Let u = -6313 - -74336. Is u prime?
True
Let h = 825 + -816. Suppose 5*a - 14400 = 2*a. Is a/h - (-3)/27*-3 a composite number?
True
Let s = -240 + 243. Suppose -5*m + 1488 = j, -12*j - s*m + 2969 = -10*j. Is j prime?
True
Suppose 0 = 4*y - 24 + 36. Is (-5 - 3788)/(y/6*2) a prime number?
True
Let a = 34161 + -16640. Is a prime?
False
Let x = 75384 - 27821. Is x a prime number?
True
Let d = -122532 + 253337. Is d prime?
False
Suppose -74*l + 21*l = -16365340. Suppose -10*c - 10*c = -l. Is c a composite number?
False
Suppose 0 = f + 3*l - 1678, -2*l = 1 + 9. Suppose 2*w - 4 = -14, 4*w - f = -3*z. Is z composite?
False
Let m = -1750 + 4819. Let x = m - 1414. Is x prime?
False
Let r be 161/(-23)*(-4027)/7. Suppose 3*p = 4*w + 3029, 3*w = -10*p + 14*p - r. Is p prime?
False
Let v(b) = -b**3 - 14*b**2 + 33*b + 24. Let q be v(-16). Suppose -4*k + 4202 = -6*r + q*r, -k = 0. Is r a composite number?
True
Suppose 4*m = -c + 1253, -5738 = -3*c - 3*m - 1934. Is c a prime number?
False
Let o be 1474880/(-33) - (-2)/(-3). Let m = -31251 - o. Is m composite?
True
Is 1/(2 + 23595/(-11805)) a composite number?
False
Suppose -42 = -3*t + 3*q, -4*t + 5*q + 14 + 44 = 0. Let r(i) = 27*i - 121. Is r(t) a composite number?
True
Let t(b) = 328*b**2 + 2*b - 18*b - 7 - 327*b**2. Let f be t(17). Suppose f*n - 2008 = 582. Is n a composite number?
True
Let y be (-9*2/21)/(1/(-7)). Suppose 2404 = y*f - 1190. Let q = f + 618. Is q a prime number?
True
Let h(v) = -v**2 - 25*v - 40. Let w be h(-23). Is (5049/w - -5)*2 composite?
False
Let z = -96 - -102. Is -2*(10257/z)/(-13) composite?
False
Let r = 90 + -76. Suppose 74 = -r*g + 15*g. Suppose -11*h + g = 8. Is h composite?
True
Let v = -165621 - -341020. Is v composite?
True
Let w(s) = -8*s**3 - 8*s**2 - 11*s - 2. Let x be w(-4). Let g = x - -1735. Is g a prime number?
True
Let k(a) = -52*a - 1262. Let t be k(-24). Let j be ((-2)/2)/(2/(-6)). Is j*((-4)/6)/(-2) - t a prime number?
False
Let g(p) = 16119*p + 858. Is g(7) composite?
True
Suppose -253*i - 5381320 + 30226679 = 0. Is i a prime number?
False
Suppose -5*k + 2*n + 4 = 0, 2*n - n = 3. Let j(v) = 16 - 16*v + 7*v**2 - 4*v**k - 4*v**2. Is j(-7) composite?
False
Let c be (18/6 + -32)*(1 - 0). Let n = c + 16. Let v = 864 - n. Is v prime?
True
Suppose 140*c = 134*c + 588. Let b = 161 + c. Is b prime?
False
Suppose 18961575 = 143*f - 28464518. Is f prime?
True
Let c = 311 - 252. Let f = 866 - c. Is f a prime number?
False
Let l(q) = -q + 7. Let u be l(3). Let i(b) = 114*b - 308 + 145*b + 281. Is i(u) a composite number?
False
Is 32/112 + 75693663/63 prime?
False
Let q(m) = 6*m + 11. Let t be q(-1). Suppose x = t*i + 2067 - 608, -3*x - i + 4313 = 0. Is x composite?
False
Is (6 - 10)/8*-8 - 4757*-21 prime?
True
Let f = -4778 + 2623. Let m = 3318 + f. Is m prime?
True
Suppose -38*i = -26*i - 8172. Suppose 0*r + r + 4*q = i, -3*r = -5*q - 2009. Is r a prime number?
True
Let a(m) = -m**3 + 19*m**2 + 42*m + 4. Let c be a(21). Suppose 0 = -i - 4*i - c*s + 86713, 5*i = -s + 86707. Is i prime?
True
Suppose 0 = -4*b + n + 201768 + 100627, 0 = -b - 4*n + 75603. Suppose -b = -19*g - 9441. Is g a composite number?
True
Let c(i) = 316*i - 43. Let v(q) = -105*q + 14. Let k(o) = 3*c(o) + 8*v(o). Suppose 1 = -t + 11*g - 7*g, -34 = -2*t - 4*g. Is k(t) prime?
True
Let h(r) = 7*r**2 + 62*r - 796. Is h(21) a prime number?
True
Let m(q) = -q**3 - q**2 + 2. Let 